{"id":15424,"date":"2022-04-27T11:16:03","date_gmt":"2022-04-27T11:16:03","guid":{"rendered":"http:\/\/krosgen.com\/?page_id=15424"},"modified":"2022-05-12T16:39:27","modified_gmt":"2022-05-12T13:39:27","slug":"operon","status":"publish","type":"page","link":"https:\/\/krosgen.com\/index.php\/operon\/","title":{"rendered":"Operon"},"content":{"rendered":"\t\t<div data-elementor-type=\"wp-page\" data-elementor-id=\"15424\" class=\"elementor elementor-15424\">\n\t\t\t\t\t\t<section class=\"elementor-section elementor-top-section elementor-element elementor-element-a5759fa elementor-section-boxed elementor-section-height-default elementor-section-height-default qodef-elementor-content-no\" data-id=\"a5759fa\" data-element_type=\"section\" data-e-type=\"section\">\n\t\t\t\t\t\t<div class=\"elementor-container elementor-column-gap-default\">\n\t\t\t\t\t<div class=\"elementor-column elementor-col-100 elementor-top-column elementor-element elementor-element-283b526\" data-id=\"283b526\" data-element_type=\"column\" data-e-type=\"column\">\n\t\t\t<div class=\"elementor-widget-wrap elementor-element-populated\">\n\t\t\t\t\t\t<div class=\"elementor-element elementor-element-91774a3 elementor-widget elementor-widget-slider_revolution\" data-id=\"91774a3\" data-element_type=\"widget\" data-e-type=\"widget\" data-widget_type=\"slider_revolution.default\">\n\t\t\t\t<div class=\"elementor-widget-container\">\n\t\t\t\t\t\n\t\t<div class=\"wp-block-themepunch-revslider\">\n\t\t\t<!-- START 10operon REVOLUTION SLIDER 6.5.9 --><p class=\"rs-p-wp-fix\"><\/p>\n\t\t\t<rs-module-wrap id=\"rev_slider_32_1_wrapper\" data-source=\"gallery\" style=\"visibility:hidden;background:#f5f5f5;padding:0;margin:0px auto;margin-top:0;margin-bottom:0;\">\n\t\t\t\t<rs-module id=\"rev_slider_32_1\" style=\"\" data-version=\"6.5.9\">\n\t\t\t\t\t<rs-slides>\n\t\t\t\t\t\t<rs-slide style=\"position: absolute;\" data-key=\"rs-62\" data-title=\"1\" data-thumb=\"\/\/krosgen.com\/wp-content\/uploads\/2022\/05\/STD-Panel-Strip-resize.jpg\" data-in=\"o:0;\" data-out=\"a:false;\">\n\t\t\t\t\t\t\t<img fetchpriority=\"high\" decoding=\"async\" src=\"\/\/krosgen.com\/wp-content\/plugins\/revslider\/public\/assets\/assets\/dummy.png\" title=\"STD Panel Strip-resize\" width=\"1584\" height=\"1416\" class=\"rev-slidebg tp-rs-img rs-lazyload\" data-lazyload=\"\/\/krosgen.com\/wp-content\/uploads\/2022\/05\/STD-Panel-Strip-resize.jpg\" data-panzoom=\"d:10000;ss:100%;se:110%;oe:0px\/50px;\" data-no-retina>\n<!--\n\t\t\t\t\t\t\t--><rs-layer\n\t\t\t\t\t\t\t\tid=\"slider-32-slide-62-layer-1\" \n\t\t\t\t\t\t\t\tdata-type=\"text\"\n\t\t\t\t\t\t\t\tdata-color=\"#000000\"\n\t\t\t\t\t\t\t\tdata-xy=\"xo:17px,-4px,0,0;y:m;yo:208px,-97px,-95px,-235px;\"\n\t\t\t\t\t\t\t\tdata-text=\"w:normal;s:35,35,35,30;l:45,45,45,40;ls:1px;fw:400,400,400,500;\"\n\t\t\t\t\t\t\t\tdata-dim=\"w:auto,auto,569px,275px;\"\n\t\t\t\t\t\t\t\tdata-rsp_o=\"off\"\n\t\t\t\t\t\t\t\tdata-rsp_bd=\"off\"\n\t\t\t\t\t\t\t\tdata-frame_0=\"x:50;\"\n\t\t\t\t\t\t\t\tdata-frame_1=\"sp:700;\"\n\t\t\t\t\t\t\t\tdata-frame_999=\"o:0;st:w;\"\n\t\t\t\t\t\t\t\tstyle=\"z-index:8;font-family:'Raleway';\"\n\t\t\t\t\t\t\t>Operon \n\t\t\t\t\t\t\t<\/rs-layer><!--\n-->\t\t\t\t\t\t<\/rs-slide>\n\t\t\t\t\t\t<rs-slide style=\"position: absolute;\" data-key=\"rs-63\" data-title=\"2\" data-thumb=\"\/\/krosgen.com\/wp-content\/uploads\/2022\/05\/HighLow-PapillomaStrip-resize.jpg\" data-in=\"o:0;\" data-out=\"a:false;\">\n\t\t\t\t\t\t\t<img decoding=\"async\" src=\"\/\/krosgen.com\/wp-content\/plugins\/revslider\/public\/assets\/assets\/dummy.png\" title=\"High+Low PapillomaStrip-resize\" width=\"1595\" height=\"1430\" class=\"rev-slidebg tp-rs-img rs-lazyload\" data-lazyload=\"\/\/krosgen.com\/wp-content\/uploads\/2022\/05\/HighLow-PapillomaStrip-resize.jpg\" data-bg=\"p:70% 70%;\" data-panzoom=\"d:10000;ss:100;se:110%;oe:0\/50px;\" data-no-retina>\n<!---->\t\t\t\t\t\t<\/rs-slide>\n\t\t\t\t\t<\/rs-slides>\n\t\t\t\t<\/rs-module>\n\t\t\t\t<script type=\"text\/javascript\">\n\t\t\t\t\tsetREVStartSize({c: 'rev_slider_32_1',rl:[1240,1024,778,480],el:[700,540,800,570],gw:[1400,1100,660,300],gh:[700,540,800,570],type:'standard',justify:'',layout:'fullwidth',mh:\"0\"});if (window.RS_MODULES!==undefined && window.RS_MODULES.modules!==undefined && window.RS_MODULES.modules[\"revslider321\"]!==undefined) {window.RS_MODULES.modules[\"revslider321\"].once = false;window.revapi32 = undefined;if (window.RS_MODULES.checkMinimal!==undefined) window.RS_MODULES.checkMinimal()}\n\t\t\t\t<\/script>\n\t\t\t<\/rs-module-wrap>\n\t\t\t<!-- END REVOLUTION SLIDER -->\n<\/div>\n\n\t\t\t\t\t\t<\/div>\n\t\t\t\t<\/div>\n\t\t\t\t\t<\/div>\n\t\t<\/div>\n\t\t\t\t\t<\/div>\n\t\t<\/section>\n\t\t\t\t<section class=\"elementor-section elementor-top-section elementor-element elementor-element-64999a3 elementor-section-boxed elementor-section-height-default elementor-section-height-default qodef-elementor-content-no\" data-id=\"64999a3\" data-element_type=\"section\" data-e-type=\"section\">\n\t\t\t\t\t\t<div class=\"elementor-container elementor-column-gap-default\">\n\t\t\t\t\t<div class=\"elementor-column elementor-col-100 elementor-top-column elementor-element elementor-element-57d6495\" data-id=\"57d6495\" data-element_type=\"column\" data-e-type=\"column\">\n\t\t\t<div class=\"elementor-widget-wrap elementor-element-populated\">\n\t\t\t\t\t\t<div class=\"elementor-element elementor-element-699baeb elementor-widget elementor-widget-text-editor\" data-id=\"699baeb\" data-element_type=\"widget\" data-e-type=\"widget\" data-widget_type=\"text-editor.default\">\n\t\t\t\t<div class=\"elementor-widget-container\">\n\t\t\t\t\t\t\t\t\t<p><strong>1973 y\u0131l\u0131nda imm\u00fcnokimya alan\u0131nda \u00f6zel bir Ar-Ge laboratuar\u0131 olarak kurulan OPERON g\u00fcn\u00fcm\u00fczde d\u00fcnya \u00e7ap\u0131nda 50 \u00fclkede Molek\u00fcler Tan\u0131 testleri (Opegen ve OligoGen) ile faaliyet g\u00f6stermektedir.<\/strong><\/p><p><strong>OPEGEN \u2013 <\/strong><strong>Strip \u00fczerinde hibridizasyon kitleri<\/strong><\/p><ul><li><strong>DNA ekstraksiyonu, <\/strong><\/li><li><strong>PCR Amplifikasyon ve <\/strong><\/li><li><strong>Hibridizasyon \/ saptama<\/strong><\/li><\/ul><p><strong>olarak \u00fc\u00e7 basamaktan olu\u015fur.<\/strong><\/p><p><strong>Hibridizasyon i\u015flemi s\u0131ras\u0131nda problar, PCR s\u0131ras\u0131nda amplifiye edilen DNA fragmanlar\u0131na spesifik olarak ba\u011flan\u0131r. <\/strong><\/p><p><strong>Testin nihai sonucu olarak, kite dahil olan bir \u015fablon yard\u0131m\u0131yla yorumlanan bir bant deseni elde edilir.<\/strong><\/p><ul><li><strong>STD Panel Strip test \u2013 10 farkl\u0131 patojen tespiti<\/strong><\/li><li><strong>High+Low Papilloma Strip Test \u2013 19 high 18 low alt<\/strong><\/li><li><strong>HLA B27 Strip test<\/strong><\/li><li><strong>HLA-B5701 Strip test<\/strong><\/li><\/ul>\t\t\t\t\t\t\t\t<\/div>\n\t\t\t\t<\/div>\n\t\t\t\t<div class=\"elementor-element elementor-element-7aed3c1 qodef-standard-images-on-top--no elementor-widget elementor-widget-qi_addons_for_elementor_interactive_link_showcase\" data-id=\"7aed3c1\" data-element_type=\"widget\" data-e-type=\"widget\" data-widget_type=\"qi_addons_for_elementor_interactive_link_showcase.default\">\n\t\t\t\t<div class=\"elementor-widget-container\">\n\t\t\t\t\t<div class=\"qodef-shortcode qodef-m qodef-qi-interactive-link-showcase qodef-layout--standard qodef-hover--underline\">\n\t<div class=\"qodef-m-items\">\n\t\t<a itemprop=\"url\" class=\"qodef-m-item qodef-e\" href=\"https:\/\/operondx.com\/\" target=\"_blank\">\n\t<span class=\"qodef-e-title\"><span class=\"qodef-e-inner-title\">Operon \u00dcr\u00fcnlerini \u0130ncelemek i\u00e7in T\u0131klay\u0131n<\/span><\/span>\n\t<\/a>\n\t<\/div>\n\t<div class=\"qodef-m-images\">\n\t\t<div class=\"qodef-e-image qodef-position--left elementor-repeater-item-e7d6a36\">\n\t<img decoding=\"async\" width=\"3543\" height=\"1311\" src=\"https:\/\/krosgen.com\/wp-content\/uploads\/2022\/05\/operon_transparente.png\" class=\"attachment-full size-full\" alt=\"\" \/><\/div>\n\t<\/div>\n<\/div>\n\t\t\t\t<\/div>\n\t\t\t\t<\/div>\n\t\t\t\t\t<\/div>\n\t\t<\/div>\n\t\t\t\t\t<\/div>\n\t\t<\/section>\n\t\t\t\t<\/div>\n\t\t","protected":false},"excerpt":{"rendered":"<p>1973 y\u0131l\u0131nda imm\u00fcnokimya alan\u0131nda \u00f6zel bir Ar-Ge laboratuar\u0131 olarak kurulan OPERON g\u00fcn\u00fcm\u00fczde d\u00fcnya \u00e7ap\u0131nda 50 \u00fclkede Molek\u00fcler Tan\u0131 testleri (Opegen ve OligoGen) ile faaliyet g\u00f6stermektedir. OPEGEN \u2013 Strip \u00fczerinde hibridizasyon kitleri DNA ekstraksiyonu, PCR Amplifikasyon ve Hibridizasyon \/ saptama olarak \u00fc\u00e7 basamaktan olu\u015fur. Hibridizasyon i\u015flemi s\u0131ras\u0131nda problar, PCR s\u0131ras\u0131nda amplifiye edilen DNA fragmanlar\u0131na spesifik olarak [&hellip;]<\/p>\n","protected":false},"author":1,"featured_media":0,"parent":0,"menu_order":0,"comment_status":"closed","ping_status":"closed","template":"","meta":{"footnotes":""},"class_list":["post-15424","page","type-page","status-publish","hentry"],"yoast_head":"<!-- This site is optimized with the Yoast SEO plugin v27.2 - https:\/\/yoast.com\/product\/yoast-seo-wordpress\/ -->\n<title>Operon - Krosgen<\/title>\n<meta name=\"robots\" content=\"index, follow, max-snippet:-1, max-image-preview:large, max-video-preview:-1\" \/>\n<link rel=\"canonical\" href=\"https:\/\/krosgen.com\/index.php\/operon\/\" \/>\n<meta property=\"og:locale\" content=\"tr_TR\" \/>\n<meta property=\"og:type\" content=\"article\" \/>\n<meta property=\"og:title\" content=\"Operon - Krosgen\" \/>\n<meta property=\"og:description\" content=\"1973 y\u0131l\u0131nda imm\u00fcnokimya alan\u0131nda \u00f6zel bir Ar-Ge laboratuar\u0131 olarak kurulan OPERON g\u00fcn\u00fcm\u00fczde d\u00fcnya \u00e7ap\u0131nda 50 \u00fclkede Molek\u00fcler Tan\u0131 testleri (Opegen ve OligoGen) ile faaliyet g\u00f6stermektedir. OPEGEN \u2013 Strip \u00fczerinde hibridizasyon kitleri DNA ekstraksiyonu, PCR Amplifikasyon ve Hibridizasyon \/ saptama olarak \u00fc\u00e7 basamaktan olu\u015fur. Hibridizasyon i\u015flemi s\u0131ras\u0131nda problar, PCR s\u0131ras\u0131nda amplifiye edilen DNA fragmanlar\u0131na spesifik olarak [&hellip;]\" \/>\n<meta property=\"og:url\" content=\"https:\/\/krosgen.com\/index.php\/operon\/\" \/>\n<meta property=\"og:site_name\" content=\"Krosgen\" \/>\n<meta property=\"article:modified_time\" content=\"2022-05-12T13:39:27+00:00\" \/>\n<meta property=\"og:image\" content=\"http:\/\/krosgen.com\/wp-content\/uploads\/2022\/05\/operon_transparente.png\" \/>\n<meta name=\"twitter:card\" content=\"summary_large_image\" \/>\n<meta name=\"twitter:label1\" content=\"Tahmini okuma s\u00fcresi\" \/>\n\t<meta name=\"twitter:data1\" content=\"1 dakika\" \/>\n<script type=\"application\/ld+json\" class=\"yoast-schema-graph\">{\"@context\":\"https:\/\/schema.org\",\"@graph\":[{\"@type\":\"WebPage\",\"@id\":\"https:\/\/krosgen.com\/index.php\/operon\/\",\"url\":\"https:\/\/krosgen.com\/index.php\/operon\/\",\"name\":\"Operon - Krosgen\",\"isPartOf\":{\"@id\":\"https:\/\/krosgen.com\/#website\"},\"primaryImageOfPage\":{\"@id\":\"https:\/\/krosgen.com\/index.php\/operon\/#primaryimage\"},\"image\":{\"@id\":\"https:\/\/krosgen.com\/index.php\/operon\/#primaryimage\"},\"thumbnailUrl\":\"http:\/\/krosgen.com\/wp-content\/uploads\/2022\/05\/operon_transparente.png\",\"datePublished\":\"2022-04-27T11:16:03+00:00\",\"dateModified\":\"2022-05-12T13:39:27+00:00\",\"breadcrumb\":{\"@id\":\"https:\/\/krosgen.com\/index.php\/operon\/#breadcrumb\"},\"inLanguage\":\"tr\",\"potentialAction\":[{\"@type\":\"ReadAction\",\"target\":[\"https:\/\/krosgen.com\/index.php\/operon\/\"]}]},{\"@type\":\"ImageObject\",\"inLanguage\":\"tr\",\"@id\":\"https:\/\/krosgen.com\/index.php\/operon\/#primaryimage\",\"url\":\"http:\/\/krosgen.com\/wp-content\/uploads\/2022\/05\/operon_transparente.png\",\"contentUrl\":\"http:\/\/krosgen.com\/wp-content\/uploads\/2022\/05\/operon_transparente.png\"},{\"@type\":\"BreadcrumbList\",\"@id\":\"https:\/\/krosgen.com\/index.php\/operon\/#breadcrumb\",\"itemListElement\":[{\"@type\":\"ListItem\",\"position\":1,\"name\":\"Home\",\"item\":\"https:\/\/krosgen.com\/\"},{\"@type\":\"ListItem\",\"position\":2,\"name\":\"Operon\"}]},{\"@type\":\"WebSite\",\"@id\":\"https:\/\/krosgen.com\/#website\",\"url\":\"https:\/\/krosgen.com\/\",\"name\":\"Krosgen\",\"description\":\"Krosgen Biotechnology\",\"publisher\":{\"@id\":\"https:\/\/krosgen.com\/#organization\"},\"potentialAction\":[{\"@type\":\"SearchAction\",\"target\":{\"@type\":\"EntryPoint\",\"urlTemplate\":\"https:\/\/krosgen.com\/?s={search_term_string}\"},\"query-input\":{\"@type\":\"PropertyValueSpecification\",\"valueRequired\":true,\"valueName\":\"search_term_string\"}}],\"inLanguage\":\"tr\"},{\"@type\":\"Organization\",\"@id\":\"https:\/\/krosgen.com\/#organization\",\"name\":\"Krosgen Biotechnology\",\"url\":\"https:\/\/krosgen.com\/\",\"logo\":{\"@type\":\"ImageObject\",\"inLanguage\":\"tr\",\"@id\":\"https:\/\/krosgen.com\/#\/schema\/logo\/image\/\",\"url\":\"https:\/\/krosgen.com\/wp-content\/uploads\/2022\/05\/KROSGEN-LOGO_001.png\",\"contentUrl\":\"https:\/\/krosgen.com\/wp-content\/uploads\/2022\/05\/KROSGEN-LOGO_001.png\",\"width\":7016,\"height\":1700,\"caption\":\"Krosgen Biotechnology\"},\"image\":{\"@id\":\"https:\/\/krosgen.com\/#\/schema\/logo\/image\/\"},\"sameAs\":[\"https:\/\/www.linkedin.com\/company\/krosgen\"]}]}<\/script>\n<!-- \/ Yoast SEO plugin. -->","yoast_head_json":{"title":"Operon - Krosgen","robots":{"index":"index","follow":"follow","max-snippet":"max-snippet:-1","max-image-preview":"max-image-preview:large","max-video-preview":"max-video-preview:-1"},"canonical":"https:\/\/krosgen.com\/index.php\/operon\/","og_locale":"tr_TR","og_type":"article","og_title":"Operon - Krosgen","og_description":"1973 y\u0131l\u0131nda imm\u00fcnokimya alan\u0131nda \u00f6zel bir Ar-Ge laboratuar\u0131 olarak kurulan OPERON g\u00fcn\u00fcm\u00fczde d\u00fcnya \u00e7ap\u0131nda 50 \u00fclkede Molek\u00fcler Tan\u0131 testleri (Opegen ve OligoGen) ile faaliyet g\u00f6stermektedir. OPEGEN \u2013 Strip \u00fczerinde hibridizasyon kitleri DNA ekstraksiyonu, PCR Amplifikasyon ve Hibridizasyon \/ saptama olarak \u00fc\u00e7 basamaktan olu\u015fur. Hibridizasyon i\u015flemi s\u0131ras\u0131nda problar, PCR s\u0131ras\u0131nda amplifiye edilen DNA fragmanlar\u0131na spesifik olarak [&hellip;]","og_url":"https:\/\/krosgen.com\/index.php\/operon\/","og_site_name":"Krosgen","article_modified_time":"2022-05-12T13:39:27+00:00","og_image":[{"url":"http:\/\/krosgen.com\/wp-content\/uploads\/2022\/05\/operon_transparente.png","type":"","width":"","height":""}],"twitter_card":"summary_large_image","twitter_misc":{"Tahmini okuma s\u00fcresi":"1 dakika"},"schema":{"@context":"https:\/\/schema.org","@graph":[{"@type":"WebPage","@id":"https:\/\/krosgen.com\/index.php\/operon\/","url":"https:\/\/krosgen.com\/index.php\/operon\/","name":"Operon - Krosgen","isPartOf":{"@id":"https:\/\/krosgen.com\/#website"},"primaryImageOfPage":{"@id":"https:\/\/krosgen.com\/index.php\/operon\/#primaryimage"},"image":{"@id":"https:\/\/krosgen.com\/index.php\/operon\/#primaryimage"},"thumbnailUrl":"http:\/\/krosgen.com\/wp-content\/uploads\/2022\/05\/operon_transparente.png","datePublished":"2022-04-27T11:16:03+00:00","dateModified":"2022-05-12T13:39:27+00:00","breadcrumb":{"@id":"https:\/\/krosgen.com\/index.php\/operon\/#breadcrumb"},"inLanguage":"tr","potentialAction":[{"@type":"ReadAction","target":["https:\/\/krosgen.com\/index.php\/operon\/"]}]},{"@type":"ImageObject","inLanguage":"tr","@id":"https:\/\/krosgen.com\/index.php\/operon\/#primaryimage","url":"http:\/\/krosgen.com\/wp-content\/uploads\/2022\/05\/operon_transparente.png","contentUrl":"http:\/\/krosgen.com\/wp-content\/uploads\/2022\/05\/operon_transparente.png"},{"@type":"BreadcrumbList","@id":"https:\/\/krosgen.com\/index.php\/operon\/#breadcrumb","itemListElement":[{"@type":"ListItem","position":1,"name":"Home","item":"https:\/\/krosgen.com\/"},{"@type":"ListItem","position":2,"name":"Operon"}]},{"@type":"WebSite","@id":"https:\/\/krosgen.com\/#website","url":"https:\/\/krosgen.com\/","name":"Krosgen","description":"Krosgen Biotechnology","publisher":{"@id":"https:\/\/krosgen.com\/#organization"},"potentialAction":[{"@type":"SearchAction","target":{"@type":"EntryPoint","urlTemplate":"https:\/\/krosgen.com\/?s={search_term_string}"},"query-input":{"@type":"PropertyValueSpecification","valueRequired":true,"valueName":"search_term_string"}}],"inLanguage":"tr"},{"@type":"Organization","@id":"https:\/\/krosgen.com\/#organization","name":"Krosgen Biotechnology","url":"https:\/\/krosgen.com\/","logo":{"@type":"ImageObject","inLanguage":"tr","@id":"https:\/\/krosgen.com\/#\/schema\/logo\/image\/","url":"https:\/\/krosgen.com\/wp-content\/uploads\/2022\/05\/KROSGEN-LOGO_001.png","contentUrl":"https:\/\/krosgen.com\/wp-content\/uploads\/2022\/05\/KROSGEN-LOGO_001.png","width":7016,"height":1700,"caption":"Krosgen Biotechnology"},"image":{"@id":"https:\/\/krosgen.com\/#\/schema\/logo\/image\/"},"sameAs":["https:\/\/www.linkedin.com\/company\/krosgen"]}]}},"jetpack_sharing_enabled":true,"_links":{"self":[{"href":"https:\/\/krosgen.com\/index.php\/wp-json\/wp\/v2\/pages\/15424","targetHints":{"allow":["GET"]}}],"collection":[{"href":"https:\/\/krosgen.com\/index.php\/wp-json\/wp\/v2\/pages"}],"about":[{"href":"https:\/\/krosgen.com\/index.php\/wp-json\/wp\/v2\/types\/page"}],"author":[{"embeddable":true,"href":"https:\/\/krosgen.com\/index.php\/wp-json\/wp\/v2\/users\/1"}],"replies":[{"embeddable":true,"href":"https:\/\/krosgen.com\/index.php\/wp-json\/wp\/v2\/comments?post=15424"}],"version-history":[{"count":32,"href":"https:\/\/krosgen.com\/index.php\/wp-json\/wp\/v2\/pages\/15424\/revisions"}],"predecessor-version":[{"id":16398,"href":"https:\/\/krosgen.com\/index.php\/wp-json\/wp\/v2\/pages\/15424\/revisions\/16398"}],"wp:attachment":[{"href":"https:\/\/krosgen.com\/index.php\/wp-json\/wp\/v2\/media?parent=15424"}],"curies":[{"name":"wp","href":"https:\/\/api.w.org\/{rel}","templated":true}]}}