{"id":15500,"date":"2022-04-27T12:41:53","date_gmt":"2022-04-27T12:41:53","guid":{"rendered":"http:\/\/krosgen.com\/?page_id=15500"},"modified":"2022-10-06T14:09:29","modified_gmt":"2022-10-06T11:09:29","slug":"krosquant-sars-cov-2","status":"publish","type":"page","link":"https:\/\/krosgen.com\/index.php\/krosquant-sars-cov-2\/","title":{"rendered":"KrosQuant SARS-COV-2 (2019 nCOV) Real-Time PCR Tan\u0131 Kiti"},"content":{"rendered":"\t\t<div data-elementor-type=\"wp-page\" data-elementor-id=\"15500\" class=\"elementor elementor-15500\">\n\t\t\t\t\t\t<section class=\"elementor-section elementor-top-section elementor-element elementor-element-453ec87 elementor-section-boxed elementor-section-height-default elementor-section-height-default qodef-elementor-content-no\" data-id=\"453ec87\" data-element_type=\"section\" data-e-type=\"section\">\n\t\t\t\t\t\t<div class=\"elementor-container elementor-column-gap-default\">\n\t\t\t\t\t<div class=\"elementor-column elementor-col-100 elementor-top-column elementor-element elementor-element-433dd1a\" data-id=\"433dd1a\" data-element_type=\"column\" data-e-type=\"column\">\n\t\t\t<div class=\"elementor-widget-wrap elementor-element-populated\">\n\t\t\t\t\t\t<div class=\"elementor-element elementor-element-3feb707 elementor-widget elementor-widget-slider_revolution\" data-id=\"3feb707\" data-element_type=\"widget\" data-e-type=\"widget\" data-widget_type=\"slider_revolution.default\">\n\t\t\t\t<div class=\"elementor-widget-container\">\n\t\t\t\t\t\n\t\t<div class=\"wp-block-themepunch-revslider\">\n\t\t\t<!-- START 14sars cov2 rt pcr kit REVOLUTION SLIDER 6.5.9 --><p class=\"rs-p-wp-fix\"><\/p>\n\t\t\t<rs-module-wrap id=\"rev_slider_38_1_wrapper\" data-source=\"gallery\" style=\"visibility:hidden;background:#f5f5f5;padding:0;margin:0px auto;margin-top:0;margin-bottom:0;\">\n\t\t\t\t<rs-module id=\"rev_slider_38_1\" style=\"\" data-version=\"6.5.9\">\n\t\t\t\t\t<rs-slides>\n\t\t\t\t\t\t<rs-slide style=\"position: absolute;\" data-key=\"rs-72\" data-title=\"1\" data-in=\"o:0;\" data-out=\"a:false;\">\n\t\t\t\t\t\t\t<img fetchpriority=\"high\" decoding=\"async\" src=\"\/\/krosgen.com\/wp-content\/plugins\/revslider\/public\/assets\/assets\/dummy.png\" title=\"kqsc2\" width=\"2048\" height=\"1272\" class=\"rev-slidebg tp-rs-img rs-lazyload\" data-lazyload=\"\/\/krosgen.com\/wp-content\/uploads\/2023\/03\/kqsc2.jpeg\" data-bg=\"p:left center;\" data-panzoom=\"d:10000;ss:100%;se:100%;oe:0px\/50px;\" data-no-retina>\n<!--\n\t\t\t\t\t\t\t--><rs-layer\n\t\t\t\t\t\t\t\tid=\"slider-38-slide-72-layer-0\" \n\t\t\t\t\t\t\t\tdata-type=\"text\"\n\t\t\t\t\t\t\t\tdata-color=\"#000000\"\n\t\t\t\t\t\t\t\tdata-rsp_ch=\"on\"\n\t\t\t\t\t\t\t\tdata-xy=\"xo:2px,1px,0,0;yo:594px,466px,279px,28px;\"\n\t\t\t\t\t\t\t\tdata-text=\"w:normal;s:50,39,23,30;l:50,39,23,45;ls:0,0,0,1px;fw:400,400,400,500;a:center;\"\n\t\t\t\t\t\t\t\tdata-dim=\"w:578.766px,454px,272px,288px;h:102px,80px,48px,auto;minh:0px,none,none,none;\"\n\t\t\t\t\t\t\t\tdata-frame_0=\"x:0,0,0,0px;y:0,0,0,0px;\"\n\t\t\t\t\t\t\t\tdata-frame_1=\"x:0,0,0,0px;y:0,0,0,0px;\"\n\t\t\t\t\t\t\t\tdata-frame_999=\"o:0;st:w;\"\n\t\t\t\t\t\t\t\tstyle=\"z-index:8;font-family:'Raleway';\"\n\t\t\t\t\t\t\t>KrosQuanT SARS-CoV-2 RT-PCR Kit \n\t\t\t\t\t\t\t<\/rs-layer><!--\n-->\t\t\t\t\t\t<\/rs-slide>\n\t\t\t\t\t<\/rs-slides>\n\t\t\t\t<\/rs-module>\n\t\t\t\t<script type=\"text\/javascript\">\n\t\t\t\t\tsetREVStartSize({c: 'rev_slider_38_1',rl:[1240,1024,778,480],el:[700,540,800,570],gw:[1400,1100,660,300],gh:[700,540,800,570],type:'standard',justify:'',layout:'fullwidth',mh:\"0\"});if (window.RS_MODULES!==undefined && window.RS_MODULES.modules!==undefined && window.RS_MODULES.modules[\"revslider381\"]!==undefined) {window.RS_MODULES.modules[\"revslider381\"].once = false;window.revapi38 = undefined;if (window.RS_MODULES.checkMinimal!==undefined) window.RS_MODULES.checkMinimal()}\n\t\t\t\t<\/script>\n\t\t\t<\/rs-module-wrap>\n\t\t\t<!-- END REVOLUTION SLIDER -->\n<\/div>\n\n\t\t\t\t\t\t<\/div>\n\t\t\t\t<\/div>\n\t\t\t\t\t<\/div>\n\t\t<\/div>\n\t\t\t\t\t<\/div>\n\t\t<\/section>\n\t\t\t\t<section class=\"elementor-section elementor-top-section elementor-element elementor-element-1f510d2 elementor-section-boxed elementor-section-height-default elementor-section-height-default qodef-elementor-content-no\" data-id=\"1f510d2\" data-element_type=\"section\" data-e-type=\"section\">\n\t\t\t\t\t\t<div class=\"elementor-container elementor-column-gap-default\">\n\t\t\t\t\t<div class=\"elementor-column elementor-col-100 elementor-top-column elementor-element elementor-element-fa4cc0d\" data-id=\"fa4cc0d\" data-element_type=\"column\" data-e-type=\"column\">\n\t\t\t<div class=\"elementor-widget-wrap elementor-element-populated\">\n\t\t\t\t\t\t<div class=\"elementor-element elementor-element-7dd2f53 elementor-widget elementor-widget-qi_addons_for_elementor_faq\" data-id=\"7dd2f53\" data-element_type=\"widget\" data-e-type=\"widget\" data-widget_type=\"qi_addons_for_elementor_faq.default\">\n\t\t\t\t<div class=\"elementor-widget-container\">\n\t\t\t\t\t<div class=\"qodef-shortcode qodef-m qodef-qi-faq qodef-qi-clear qodef-behavior--none qodef-layout--simple qodef-style--boxed\">\n\t<h3 class=\"qodef-e-title-holder\">\n\t<span class=\"qodef-e-title\">\n\t\t\t\tSARS-CoV-2\t<\/span>\n\t<\/h3>\n<div class=\"qodef-e-content\">\n\t<div class=\"qodef-e-content-inner\">\n\t\t<p>Genetik materyali tek iplik\u00e7i RNA olan ve corona ailesinin \u00fcyesi olan CoV 2019, Kas\u0131m 2019 y\u0131l\u0131nda tan\u0131mlanm\u0131\u015f, pandemik etkisi kuvvetli bir patojendir. Genom dizisi \u00e7\u0131kar\u0131lm\u0131\u015f olan CoV 2019 (Genbank acc. MN908947) SARS vir\u00fcs\u00fcne y\u00fcksek benzerlik g\u00f6sterir.<\/p><p>\u00a0<\/p>\t<\/div>\n<\/div>\n<h3 class=\"qodef-e-title-holder\">\n\t<span class=\"qodef-e-title\">\n\t\t\t\tKitimiz\t<\/span>\n\t<\/h3>\n<div class=\"qodef-e-content\">\n\t<div class=\"qodef-e-content-inner\">\n\t\t<ul><li>KrosQuant SARS-COV-2 (2019 nCOV) Real Time PCR Tan\u0131 Kiti, WHO ve USA-CDC taraf\u0131ndan belirlenmi\u015f N geni \u00fczerinde N1, N2 gen b\u00f6lgelerinin taramas\u0131n\u0131 yapar.<\/li><li>KrosQuant SARS-COV-2 (2019 nCOV) Realtime PCR Tan\u0131 Kiti solunum yolu \u00f6rneklerinden (nazofarengeal, orofarengeal, balgam ve bronkoalveolar lavaj \u00f6rnekleri) SARS-COV-2 (2019 nCOV) tespitini yapar.<\/li><li>Tan\u0131 kitinde internal kontrol olarak insanda mRNA d\u00fczeyinde bulunan RNAse P(RP) mRNA\u2019s\u0131 se\u00e7ilmi\u015ftir.<\/li><li>FAM dalga boylar\u0131ndan \u0131\u015f\u0131ma alan kit tek t\u00fcp ile \u00e7al\u0131\u015f\u0131r.<\/li><li>Kit i\u00e7erisinde ayr\u0131ca, pozitif kontrol ve negatif kontrol bulunmaktad\u0131r.<\/li><li>Real-Time PCR \u00e7al\u0131\u015fma s\u00fcresi yakla\u015f\u0131k 90 dakika olan kitin, \u00e7al\u0131\u015fmas\u0131ndan \u00f6nce RNA izolasyon a\u015famas\u0131 \u00f6nerilmektedir.<\/li><\/ul>\t<\/div>\n<\/div>\n<h3 class=\"qodef-e-title-holder\">\n\t<span class=\"qodef-e-title\">\n\t\t\t\tKitimizin Valide Oldu\u011fu Cihazlar\t<\/span>\n\t<\/h3>\n<div class=\"qodef-e-content\">\n\t<div class=\"qodef-e-content-inner\">\n\t\t<ul><li>Roche LightCycler 480<\/li><li>Roche LightCycler 96<\/li><li>Roche LightCycler Nano<\/li><li>Qiagen Rotor Gene Q<\/li><li>Qiagen Rotor Gene Series<\/li><li>Corbett Realtime PCR<\/li><li>BMS Mic<\/li><li>Biorad CFX Connect<\/li><li>Biorad CFX96<\/li><li>Applied Biosystem ABI 7500<\/li><li>Applied Biosystem ABI 7500 Fast<\/li><li>Applied Biosystem ABI StepOne<\/li><li>Applied Biosystem ABI StepOne Plus<\/li><li>Thermo Scientific Quant Studio 3-5-7<\/li><li>Agilent Aris Mix<\/li><li>Slan Realtime PCR<\/li><li>Tianlog Genesy<\/li><li>Stratagene Mx3500p<\/li><\/ul>\t<\/div>\n<\/div>\n<\/div>\n\t<script type=\"application\/ld+json\">{\"@context\":\"https:\\\/\\\/schema.org\",\"@type\":\"FAQPage\",\"mainEntity\":[{\"@type\":\"Question\",\"name\":\"SARS-CoV-2\",\"acceptedAnswer\":{\"@type\":\"Answer\",\"text\":\"<p>Genetik materyali tek iplik\\u00e7i RNA olan ve corona ailesinin \\u00fcyesi olan CoV 2019, Kas\\u0131m 2019 y\\u0131l\\u0131nda tan\\u0131mlanm\\u0131\\u015f, pandemik etkisi kuvvetli bir patojendir. Genom dizisi \\u00e7\\u0131kar\\u0131lm\\u0131\\u015f olan CoV 2019 (Genbank acc. MN908947) SARS vir\\u00fcs\\u00fcne y\\u00fcksek benzerlik g\\u00f6sterir.<\\\/p><p>\\u00a0<\\\/p>\"}},{\"@type\":\"Question\",\"name\":\"Kitimiz\",\"acceptedAnswer\":{\"@type\":\"Answer\",\"text\":\"<ul><li>KrosQuant SARS-COV-2 (2019 nCOV) Real Time PCR Tan\\u0131 Kiti, WHO ve USA-CDC taraf\\u0131ndan belirlenmi\\u015f N geni \\u00fczerinde N1, N2 gen b\\u00f6lgelerinin taramas\\u0131n\\u0131 yapar.<\\\/li><li>KrosQuant SARS-COV-2 (2019 nCOV) Realtime PCR Tan\\u0131 Kiti solunum yolu \\u00f6rneklerinden (nazofarengeal, orofarengeal, balgam ve bronkoalveolar lavaj \\u00f6rnekleri) SARS-COV-2 (2019 nCOV) tespitini yapar.<\\\/li><li>Tan\\u0131 kitinde internal kontrol olarak insanda mRNA d\\u00fczeyinde bulunan RNAse P(RP) mRNA\\u2019s\\u0131 se\\u00e7ilmi\\u015ftir.<\\\/li><li>FAM dalga boylar\\u0131ndan \\u0131\\u015f\\u0131ma alan kit tek t\\u00fcp ile \\u00e7al\\u0131\\u015f\\u0131r.<\\\/li><li>Kit i\\u00e7erisinde ayr\\u0131ca, pozitif kontrol ve negatif kontrol bulunmaktad\\u0131r.<\\\/li><li>Real-Time PCR \\u00e7al\\u0131\\u015fma s\\u00fcresi yakla\\u015f\\u0131k 90 dakika olan kitin, \\u00e7al\\u0131\\u015fmas\\u0131ndan \\u00f6nce RNA izolasyon a\\u015famas\\u0131 \\u00f6nerilmektedir.<\\\/li><\\\/ul>\"}},{\"@type\":\"Question\",\"name\":\"Kitimizin Valide Oldu\\u011fu Cihazlar\",\"acceptedAnswer\":{\"@type\":\"Answer\",\"text\":\"<ul><li>Roche LightCycler 480<\\\/li><li>Roche LightCycler 96<\\\/li><li>Roche LightCycler Nano<\\\/li><li>Qiagen Rotor Gene Q<\\\/li><li>Qiagen Rotor Gene Series<\\\/li><li>Corbett Realtime PCR<\\\/li><li>BMS Mic<\\\/li><li>Biorad CFX Connect<\\\/li><li>Biorad CFX96<\\\/li><li>Applied Biosystem ABI 7500<\\\/li><li>Applied Biosystem ABI 7500 Fast<\\\/li><li>Applied Biosystem ABI StepOne<\\\/li><li>Applied Biosystem ABI StepOne Plus<\\\/li><li>Thermo Scientific Quant Studio 3-5-7<\\\/li><li>Agilent Aris Mix<\\\/li><li>Slan Realtime PCR<\\\/li><li>Tianlog Genesy<\\\/li><li>Stratagene Mx3500p<\\\/li><\\\/ul>\"}}]}<\/script>\n\t\t\t\t<\/div>\n\t\t\t\t<\/div>\n\t\t\t\t\t<\/div>\n\t\t<\/div>\n\t\t\t\t\t<\/div>\n\t\t<\/section>\n\t\t\t\t<\/div>\n\t\t","protected":false},"excerpt":{"rendered":"<p>SARS-CoV-2 Genetik materyali tek iplik\u00e7i RNA olan ve corona ailesinin \u00fcyesi olan CoV 2019, Kas\u0131m 2019 y\u0131l\u0131nda tan\u0131mlanm\u0131\u015f, pandemik etkisi kuvvetli bir patojendir. Genom dizisi \u00e7\u0131kar\u0131lm\u0131\u015f olan CoV 2019 (Genbank acc. MN908947) SARS vir\u00fcs\u00fcne y\u00fcksek benzerlik g\u00f6sterir. \u00a0 Kitimiz KrosQuant SARS-COV-2 (2019 nCOV) Real Time PCR Tan\u0131 Kiti, WHO ve USA-CDC taraf\u0131ndan belirlenmi\u015f N geni [&hellip;]<\/p>\n","protected":false},"author":1,"featured_media":0,"parent":0,"menu_order":0,"comment_status":"closed","ping_status":"closed","template":"","meta":{"footnotes":""},"class_list":["post-15500","page","type-page","status-publish","hentry"],"yoast_head":"<!-- This site is optimized with the Yoast SEO plugin v27.2 - https:\/\/yoast.com\/product\/yoast-seo-wordpress\/ -->\n<title>KrosQuant SARS-COV-2 (2019 nCOV) Real-Time PCR Tan\u0131 Kiti - Krosgen<\/title>\n<meta name=\"robots\" content=\"index, follow, max-snippet:-1, max-image-preview:large, max-video-preview:-1\" \/>\n<link rel=\"canonical\" href=\"https:\/\/krosgen.com\/index.php\/krosquant-sars-cov-2\/\" \/>\n<meta property=\"og:locale\" content=\"tr_TR\" \/>\n<meta property=\"og:type\" content=\"article\" \/>\n<meta property=\"og:title\" content=\"KrosQuant SARS-COV-2 (2019 nCOV) Real-Time PCR Tan\u0131 Kiti - Krosgen\" \/>\n<meta property=\"og:description\" content=\"SARS-CoV-2 Genetik materyali tek iplik\u00e7i RNA olan ve corona ailesinin \u00fcyesi olan CoV 2019, Kas\u0131m 2019 y\u0131l\u0131nda tan\u0131mlanm\u0131\u015f, pandemik etkisi kuvvetli bir patojendir. Genom dizisi \u00e7\u0131kar\u0131lm\u0131\u015f olan CoV 2019 (Genbank acc. MN908947) SARS vir\u00fcs\u00fcne y\u00fcksek benzerlik g\u00f6sterir. \u00a0 Kitimiz KrosQuant SARS-COV-2 (2019 nCOV) Real Time PCR Tan\u0131 Kiti, WHO ve USA-CDC taraf\u0131ndan belirlenmi\u015f N geni [&hellip;]\" \/>\n<meta property=\"og:url\" content=\"https:\/\/krosgen.com\/index.php\/krosquant-sars-cov-2\/\" \/>\n<meta property=\"og:site_name\" content=\"Krosgen\" \/>\n<meta property=\"article:modified_time\" content=\"2022-10-06T11:09:29+00:00\" \/>\n<meta name=\"twitter:card\" content=\"summary_large_image\" \/>\n<meta name=\"twitter:label1\" content=\"Tahmini okuma s\u00fcresi\" \/>\n\t<meta name=\"twitter:data1\" content=\"3 dakika\" \/>\n<script type=\"application\/ld+json\" class=\"yoast-schema-graph\">{\"@context\":\"https:\/\/schema.org\",\"@graph\":[{\"@type\":\"WebPage\",\"@id\":\"https:\/\/krosgen.com\/index.php\/krosquant-sars-cov-2\/\",\"url\":\"https:\/\/krosgen.com\/index.php\/krosquant-sars-cov-2\/\",\"name\":\"KrosQuant SARS-COV-2 (2019 nCOV) Real-Time PCR Tan\u0131 Kiti - Krosgen\",\"isPartOf\":{\"@id\":\"https:\/\/krosgen.com\/#website\"},\"datePublished\":\"2022-04-27T12:41:53+00:00\",\"dateModified\":\"2022-10-06T11:09:29+00:00\",\"breadcrumb\":{\"@id\":\"https:\/\/krosgen.com\/index.php\/krosquant-sars-cov-2\/#breadcrumb\"},\"inLanguage\":\"tr\",\"potentialAction\":[{\"@type\":\"ReadAction\",\"target\":[\"https:\/\/krosgen.com\/index.php\/krosquant-sars-cov-2\/\"]}]},{\"@type\":\"BreadcrumbList\",\"@id\":\"https:\/\/krosgen.com\/index.php\/krosquant-sars-cov-2\/#breadcrumb\",\"itemListElement\":[{\"@type\":\"ListItem\",\"position\":1,\"name\":\"Home\",\"item\":\"https:\/\/krosgen.com\/\"},{\"@type\":\"ListItem\",\"position\":2,\"name\":\"KrosQuant SARS-COV-2 (2019 nCOV) Real-Time PCR Tan\u0131 Kiti\"}]},{\"@type\":\"WebSite\",\"@id\":\"https:\/\/krosgen.com\/#website\",\"url\":\"https:\/\/krosgen.com\/\",\"name\":\"Krosgen\",\"description\":\"Krosgen Biotechnology\",\"publisher\":{\"@id\":\"https:\/\/krosgen.com\/#organization\"},\"potentialAction\":[{\"@type\":\"SearchAction\",\"target\":{\"@type\":\"EntryPoint\",\"urlTemplate\":\"https:\/\/krosgen.com\/?s={search_term_string}\"},\"query-input\":{\"@type\":\"PropertyValueSpecification\",\"valueRequired\":true,\"valueName\":\"search_term_string\"}}],\"inLanguage\":\"tr\"},{\"@type\":\"Organization\",\"@id\":\"https:\/\/krosgen.com\/#organization\",\"name\":\"Krosgen Biotechnology\",\"url\":\"https:\/\/krosgen.com\/\",\"logo\":{\"@type\":\"ImageObject\",\"inLanguage\":\"tr\",\"@id\":\"https:\/\/krosgen.com\/#\/schema\/logo\/image\/\",\"url\":\"https:\/\/krosgen.com\/wp-content\/uploads\/2022\/05\/KROSGEN-LOGO_001.png\",\"contentUrl\":\"https:\/\/krosgen.com\/wp-content\/uploads\/2022\/05\/KROSGEN-LOGO_001.png\",\"width\":7016,\"height\":1700,\"caption\":\"Krosgen Biotechnology\"},\"image\":{\"@id\":\"https:\/\/krosgen.com\/#\/schema\/logo\/image\/\"},\"sameAs\":[\"https:\/\/www.linkedin.com\/company\/krosgen\"]}]}<\/script>\n<!-- \/ Yoast SEO plugin. -->","yoast_head_json":{"title":"KrosQuant SARS-COV-2 (2019 nCOV) Real-Time PCR Tan\u0131 Kiti - Krosgen","robots":{"index":"index","follow":"follow","max-snippet":"max-snippet:-1","max-image-preview":"max-image-preview:large","max-video-preview":"max-video-preview:-1"},"canonical":"https:\/\/krosgen.com\/index.php\/krosquant-sars-cov-2\/","og_locale":"tr_TR","og_type":"article","og_title":"KrosQuant SARS-COV-2 (2019 nCOV) Real-Time PCR Tan\u0131 Kiti - Krosgen","og_description":"SARS-CoV-2 Genetik materyali tek iplik\u00e7i RNA olan ve corona ailesinin \u00fcyesi olan CoV 2019, Kas\u0131m 2019 y\u0131l\u0131nda tan\u0131mlanm\u0131\u015f, pandemik etkisi kuvvetli bir patojendir. Genom dizisi \u00e7\u0131kar\u0131lm\u0131\u015f olan CoV 2019 (Genbank acc. MN908947) SARS vir\u00fcs\u00fcne y\u00fcksek benzerlik g\u00f6sterir. \u00a0 Kitimiz KrosQuant SARS-COV-2 (2019 nCOV) Real Time PCR Tan\u0131 Kiti, WHO ve USA-CDC taraf\u0131ndan belirlenmi\u015f N geni [&hellip;]","og_url":"https:\/\/krosgen.com\/index.php\/krosquant-sars-cov-2\/","og_site_name":"Krosgen","article_modified_time":"2022-10-06T11:09:29+00:00","twitter_card":"summary_large_image","twitter_misc":{"Tahmini okuma s\u00fcresi":"3 dakika"},"schema":{"@context":"https:\/\/schema.org","@graph":[{"@type":"WebPage","@id":"https:\/\/krosgen.com\/index.php\/krosquant-sars-cov-2\/","url":"https:\/\/krosgen.com\/index.php\/krosquant-sars-cov-2\/","name":"KrosQuant SARS-COV-2 (2019 nCOV) Real-Time PCR Tan\u0131 Kiti - Krosgen","isPartOf":{"@id":"https:\/\/krosgen.com\/#website"},"datePublished":"2022-04-27T12:41:53+00:00","dateModified":"2022-10-06T11:09:29+00:00","breadcrumb":{"@id":"https:\/\/krosgen.com\/index.php\/krosquant-sars-cov-2\/#breadcrumb"},"inLanguage":"tr","potentialAction":[{"@type":"ReadAction","target":["https:\/\/krosgen.com\/index.php\/krosquant-sars-cov-2\/"]}]},{"@type":"BreadcrumbList","@id":"https:\/\/krosgen.com\/index.php\/krosquant-sars-cov-2\/#breadcrumb","itemListElement":[{"@type":"ListItem","position":1,"name":"Home","item":"https:\/\/krosgen.com\/"},{"@type":"ListItem","position":2,"name":"KrosQuant SARS-COV-2 (2019 nCOV) Real-Time PCR Tan\u0131 Kiti"}]},{"@type":"WebSite","@id":"https:\/\/krosgen.com\/#website","url":"https:\/\/krosgen.com\/","name":"Krosgen","description":"Krosgen Biotechnology","publisher":{"@id":"https:\/\/krosgen.com\/#organization"},"potentialAction":[{"@type":"SearchAction","target":{"@type":"EntryPoint","urlTemplate":"https:\/\/krosgen.com\/?s={search_term_string}"},"query-input":{"@type":"PropertyValueSpecification","valueRequired":true,"valueName":"search_term_string"}}],"inLanguage":"tr"},{"@type":"Organization","@id":"https:\/\/krosgen.com\/#organization","name":"Krosgen Biotechnology","url":"https:\/\/krosgen.com\/","logo":{"@type":"ImageObject","inLanguage":"tr","@id":"https:\/\/krosgen.com\/#\/schema\/logo\/image\/","url":"https:\/\/krosgen.com\/wp-content\/uploads\/2022\/05\/KROSGEN-LOGO_001.png","contentUrl":"https:\/\/krosgen.com\/wp-content\/uploads\/2022\/05\/KROSGEN-LOGO_001.png","width":7016,"height":1700,"caption":"Krosgen Biotechnology"},"image":{"@id":"https:\/\/krosgen.com\/#\/schema\/logo\/image\/"},"sameAs":["https:\/\/www.linkedin.com\/company\/krosgen"]}]}},"jetpack_sharing_enabled":true,"_links":{"self":[{"href":"https:\/\/krosgen.com\/index.php\/wp-json\/wp\/v2\/pages\/15500","targetHints":{"allow":["GET"]}}],"collection":[{"href":"https:\/\/krosgen.com\/index.php\/wp-json\/wp\/v2\/pages"}],"about":[{"href":"https:\/\/krosgen.com\/index.php\/wp-json\/wp\/v2\/types\/page"}],"author":[{"embeddable":true,"href":"https:\/\/krosgen.com\/index.php\/wp-json\/wp\/v2\/users\/1"}],"replies":[{"embeddable":true,"href":"https:\/\/krosgen.com\/index.php\/wp-json\/wp\/v2\/comments?post=15500"}],"version-history":[{"count":19,"href":"https:\/\/krosgen.com\/index.php\/wp-json\/wp\/v2\/pages\/15500\/revisions"}],"predecessor-version":[{"id":16868,"href":"https:\/\/krosgen.com\/index.php\/wp-json\/wp\/v2\/pages\/15500\/revisions\/16868"}],"wp:attachment":[{"href":"https:\/\/krosgen.com\/index.php\/wp-json\/wp\/v2\/media?parent=15500"}],"curies":[{"name":"wp","href":"https:\/\/api.w.org\/{rel}","templated":true}]}}