{"id":15518,"date":"2022-04-27T12:50:21","date_gmt":"2022-04-27T12:50:21","guid":{"rendered":"http:\/\/krosgen.com\/?page_id=15518"},"modified":"2022-05-11T14:30:30","modified_gmt":"2022-05-11T11:30:30","slug":"laboratuvar-hizmetleri","status":"publish","type":"page","link":"https:\/\/krosgen.com\/index.php\/laboratuvar-hizmetleri\/","title":{"rendered":"Laboratuvar Hizmetleri"},"content":{"rendered":"\n<p><b>Firmam\u0131z b\u00fcnyesinde bulunan alt yap\u0131m\u0131z ile, akademik projelere destek vermekteyiz.<\/b><\/p>\n\n\n\n<p>Firma alt yap\u0131m\u0131zdaki teknik cihaz ve uzman ekibimiz ile,<\/p>\n\n\n\n<ul class=\"wp-block-list\"><li>Real Time PCR ve PCR \u00c7al\u0131\u015fmalar\u0131,<\/li><li>Sanger Sekans Cihaz\u0131 \u0130le Dizileme \u00c7al\u0131\u015fmalar\u0131,<\/li><li>Yeni Nesil Dizileme Cihaz\u0131 iSeq 100 \u0130le Mikrobiyota \u00c7al\u0131\u015fmalar\u0131,<\/li><li>Jel Elektroforez \u00c7al\u0131\u015fmalar\u0131 ger\u00e7ekle\u015ftirmekteyiz.<\/li><\/ul>\n","protected":false},"excerpt":{"rendered":"<p>Firmam\u0131z b\u00fcnyesinde bulunan alt yap\u0131m\u0131z ile, akademik projelere destek vermekteyiz. Firma alt yap\u0131m\u0131zdaki teknik cihaz ve uzman ekibimiz ile, Real Time PCR ve PCR \u00c7al\u0131\u015fmalar\u0131, Sanger Sekans Cihaz\u0131 \u0130le Dizileme \u00c7al\u0131\u015fmalar\u0131, Yeni Nesil Dizileme Cihaz\u0131 iSeq 100 \u0130le Mikrobiyota \u00c7al\u0131\u015fmalar\u0131, Jel Elektroforez \u00c7al\u0131\u015fmalar\u0131 ger\u00e7ekle\u015ftirmekteyiz.<\/p>\n","protected":false},"author":1,"featured_media":0,"parent":0,"menu_order":0,"comment_status":"closed","ping_status":"closed","template":"","meta":{"footnotes":""},"class_list":["post-15518","page","type-page","status-publish","hentry"],"yoast_head":"<!-- This site is optimized with the Yoast SEO plugin v27.2 - https:\/\/yoast.com\/product\/yoast-seo-wordpress\/ -->\n<title>Laboratuvar Hizmetleri - Krosgen<\/title>\n<meta name=\"robots\" content=\"index, follow, max-snippet:-1, max-image-preview:large, max-video-preview:-1\" \/>\n<link rel=\"canonical\" href=\"https:\/\/krosgen.com\/index.php\/laboratuvar-hizmetleri\/\" \/>\n<meta property=\"og:locale\" content=\"tr_TR\" \/>\n<meta property=\"og:type\" content=\"article\" \/>\n<meta property=\"og:title\" content=\"Laboratuvar Hizmetleri - Krosgen\" \/>\n<meta property=\"og:description\" content=\"Firmam\u0131z b\u00fcnyesinde bulunan alt yap\u0131m\u0131z ile, akademik projelere destek vermekteyiz. Firma alt yap\u0131m\u0131zdaki teknik cihaz ve uzman ekibimiz ile, Real Time PCR ve PCR \u00c7al\u0131\u015fmalar\u0131, Sanger Sekans Cihaz\u0131 \u0130le Dizileme \u00c7al\u0131\u015fmalar\u0131, Yeni Nesil Dizileme Cihaz\u0131 iSeq 100 \u0130le Mikrobiyota \u00c7al\u0131\u015fmalar\u0131, Jel Elektroforez \u00c7al\u0131\u015fmalar\u0131 ger\u00e7ekle\u015ftirmekteyiz.\" \/>\n<meta property=\"og:url\" content=\"https:\/\/krosgen.com\/index.php\/laboratuvar-hizmetleri\/\" \/>\n<meta property=\"og:site_name\" content=\"Krosgen\" \/>\n<meta property=\"article:modified_time\" content=\"2022-05-11T11:30:30+00:00\" \/>\n<meta name=\"twitter:card\" content=\"summary_large_image\" \/>\n<script type=\"application\/ld+json\" class=\"yoast-schema-graph\">{\"@context\":\"https:\/\/schema.org\",\"@graph\":[{\"@type\":\"WebPage\",\"@id\":\"https:\/\/krosgen.com\/index.php\/laboratuvar-hizmetleri\/\",\"url\":\"https:\/\/krosgen.com\/index.php\/laboratuvar-hizmetleri\/\",\"name\":\"Laboratuvar Hizmetleri - Krosgen\",\"isPartOf\":{\"@id\":\"https:\/\/krosgen.com\/#website\"},\"datePublished\":\"2022-04-27T12:50:21+00:00\",\"dateModified\":\"2022-05-11T11:30:30+00:00\",\"breadcrumb\":{\"@id\":\"https:\/\/krosgen.com\/index.php\/laboratuvar-hizmetleri\/#breadcrumb\"},\"inLanguage\":\"tr\",\"potentialAction\":[{\"@type\":\"ReadAction\",\"target\":[\"https:\/\/krosgen.com\/index.php\/laboratuvar-hizmetleri\/\"]}]},{\"@type\":\"BreadcrumbList\",\"@id\":\"https:\/\/krosgen.com\/index.php\/laboratuvar-hizmetleri\/#breadcrumb\",\"itemListElement\":[{\"@type\":\"ListItem\",\"position\":1,\"name\":\"Home\",\"item\":\"https:\/\/krosgen.com\/\"},{\"@type\":\"ListItem\",\"position\":2,\"name\":\"Laboratuvar Hizmetleri\"}]},{\"@type\":\"WebSite\",\"@id\":\"https:\/\/krosgen.com\/#website\",\"url\":\"https:\/\/krosgen.com\/\",\"name\":\"Krosgen\",\"description\":\"Krosgen Biotechnology\",\"publisher\":{\"@id\":\"https:\/\/krosgen.com\/#organization\"},\"potentialAction\":[{\"@type\":\"SearchAction\",\"target\":{\"@type\":\"EntryPoint\",\"urlTemplate\":\"https:\/\/krosgen.com\/?s={search_term_string}\"},\"query-input\":{\"@type\":\"PropertyValueSpecification\",\"valueRequired\":true,\"valueName\":\"search_term_string\"}}],\"inLanguage\":\"tr\"},{\"@type\":\"Organization\",\"@id\":\"https:\/\/krosgen.com\/#organization\",\"name\":\"Krosgen Biotechnology\",\"url\":\"https:\/\/krosgen.com\/\",\"logo\":{\"@type\":\"ImageObject\",\"inLanguage\":\"tr\",\"@id\":\"https:\/\/krosgen.com\/#\/schema\/logo\/image\/\",\"url\":\"https:\/\/krosgen.com\/wp-content\/uploads\/2022\/05\/KROSGEN-LOGO_001.png\",\"contentUrl\":\"https:\/\/krosgen.com\/wp-content\/uploads\/2022\/05\/KROSGEN-LOGO_001.png\",\"width\":7016,\"height\":1700,\"caption\":\"Krosgen Biotechnology\"},\"image\":{\"@id\":\"https:\/\/krosgen.com\/#\/schema\/logo\/image\/\"},\"sameAs\":[\"https:\/\/www.linkedin.com\/company\/krosgen\"]}]}<\/script>\n<!-- \/ Yoast SEO plugin. -->","yoast_head_json":{"title":"Laboratuvar Hizmetleri - Krosgen","robots":{"index":"index","follow":"follow","max-snippet":"max-snippet:-1","max-image-preview":"max-image-preview:large","max-video-preview":"max-video-preview:-1"},"canonical":"https:\/\/krosgen.com\/index.php\/laboratuvar-hizmetleri\/","og_locale":"tr_TR","og_type":"article","og_title":"Laboratuvar Hizmetleri - Krosgen","og_description":"Firmam\u0131z b\u00fcnyesinde bulunan alt yap\u0131m\u0131z ile, akademik projelere destek vermekteyiz. Firma alt yap\u0131m\u0131zdaki teknik cihaz ve uzman ekibimiz ile, Real Time PCR ve PCR \u00c7al\u0131\u015fmalar\u0131, Sanger Sekans Cihaz\u0131 \u0130le Dizileme \u00c7al\u0131\u015fmalar\u0131, Yeni Nesil Dizileme Cihaz\u0131 iSeq 100 \u0130le Mikrobiyota \u00c7al\u0131\u015fmalar\u0131, Jel Elektroforez \u00c7al\u0131\u015fmalar\u0131 ger\u00e7ekle\u015ftirmekteyiz.","og_url":"https:\/\/krosgen.com\/index.php\/laboratuvar-hizmetleri\/","og_site_name":"Krosgen","article_modified_time":"2022-05-11T11:30:30+00:00","twitter_card":"summary_large_image","schema":{"@context":"https:\/\/schema.org","@graph":[{"@type":"WebPage","@id":"https:\/\/krosgen.com\/index.php\/laboratuvar-hizmetleri\/","url":"https:\/\/krosgen.com\/index.php\/laboratuvar-hizmetleri\/","name":"Laboratuvar Hizmetleri - Krosgen","isPartOf":{"@id":"https:\/\/krosgen.com\/#website"},"datePublished":"2022-04-27T12:50:21+00:00","dateModified":"2022-05-11T11:30:30+00:00","breadcrumb":{"@id":"https:\/\/krosgen.com\/index.php\/laboratuvar-hizmetleri\/#breadcrumb"},"inLanguage":"tr","potentialAction":[{"@type":"ReadAction","target":["https:\/\/krosgen.com\/index.php\/laboratuvar-hizmetleri\/"]}]},{"@type":"BreadcrumbList","@id":"https:\/\/krosgen.com\/index.php\/laboratuvar-hizmetleri\/#breadcrumb","itemListElement":[{"@type":"ListItem","position":1,"name":"Home","item":"https:\/\/krosgen.com\/"},{"@type":"ListItem","position":2,"name":"Laboratuvar Hizmetleri"}]},{"@type":"WebSite","@id":"https:\/\/krosgen.com\/#website","url":"https:\/\/krosgen.com\/","name":"Krosgen","description":"Krosgen Biotechnology","publisher":{"@id":"https:\/\/krosgen.com\/#organization"},"potentialAction":[{"@type":"SearchAction","target":{"@type":"EntryPoint","urlTemplate":"https:\/\/krosgen.com\/?s={search_term_string}"},"query-input":{"@type":"PropertyValueSpecification","valueRequired":true,"valueName":"search_term_string"}}],"inLanguage":"tr"},{"@type":"Organization","@id":"https:\/\/krosgen.com\/#organization","name":"Krosgen Biotechnology","url":"https:\/\/krosgen.com\/","logo":{"@type":"ImageObject","inLanguage":"tr","@id":"https:\/\/krosgen.com\/#\/schema\/logo\/image\/","url":"https:\/\/krosgen.com\/wp-content\/uploads\/2022\/05\/KROSGEN-LOGO_001.png","contentUrl":"https:\/\/krosgen.com\/wp-content\/uploads\/2022\/05\/KROSGEN-LOGO_001.png","width":7016,"height":1700,"caption":"Krosgen Biotechnology"},"image":{"@id":"https:\/\/krosgen.com\/#\/schema\/logo\/image\/"},"sameAs":["https:\/\/www.linkedin.com\/company\/krosgen"]}]}},"jetpack_sharing_enabled":true,"_links":{"self":[{"href":"https:\/\/krosgen.com\/index.php\/wp-json\/wp\/v2\/pages\/15518","targetHints":{"allow":["GET"]}}],"collection":[{"href":"https:\/\/krosgen.com\/index.php\/wp-json\/wp\/v2\/pages"}],"about":[{"href":"https:\/\/krosgen.com\/index.php\/wp-json\/wp\/v2\/types\/page"}],"author":[{"embeddable":true,"href":"https:\/\/krosgen.com\/index.php\/wp-json\/wp\/v2\/users\/1"}],"replies":[{"embeddable":true,"href":"https:\/\/krosgen.com\/index.php\/wp-json\/wp\/v2\/comments?post=15518"}],"version-history":[{"count":2,"href":"https:\/\/krosgen.com\/index.php\/wp-json\/wp\/v2\/pages\/15518\/revisions"}],"predecessor-version":[{"id":16087,"href":"https:\/\/krosgen.com\/index.php\/wp-json\/wp\/v2\/pages\/15518\/revisions\/16087"}],"wp:attachment":[{"href":"https:\/\/krosgen.com\/index.php\/wp-json\/wp\/v2\/media?parent=15518"}],"curies":[{"name":"wp","href":"https:\/\/api.w.org\/{rel}","templated":true}]}}