{"id":18614,"date":"2025-03-03T22:58:08","date_gmt":"2025-03-03T19:58:08","guid":{"rendered":"https:\/\/krosgen.com\/?page_id=18614"},"modified":"2026-01-09T20:38:11","modified_gmt":"2026-01-09T17:38:11","slug":"sniper-medical-technology-co-ltd","status":"publish","type":"page","link":"https:\/\/krosgen.com\/index.php\/sniper-medical-technology-co-ltd\/","title":{"rendered":"Sniper Medical Technology Co., Ltd."},"content":{"rendered":"\t\t<div data-elementor-type=\"wp-page\" data-elementor-id=\"18614\" class=\"elementor elementor-18614\">\n\t\t\t\t\t\t<section class=\"elementor-section elementor-top-section elementor-element elementor-element-eab4d1b elementor-section-boxed elementor-section-height-default elementor-section-height-default qodef-elementor-content-no\" data-id=\"eab4d1b\" data-element_type=\"section\" data-e-type=\"section\">\n\t\t\t\t\t\t<div class=\"elementor-container elementor-column-gap-default\">\n\t\t\t\t\t<div class=\"elementor-column elementor-col-100 elementor-top-column elementor-element elementor-element-d63ef4a\" data-id=\"d63ef4a\" data-element_type=\"column\" data-e-type=\"column\">\n\t\t\t<div class=\"elementor-widget-wrap elementor-element-populated\">\n\t\t\t\t\t\t<div class=\"elementor-element elementor-element-02618c2 elementor-widget elementor-widget-slider_revolution\" data-id=\"02618c2\" data-element_type=\"widget\" data-e-type=\"widget\" data-widget_type=\"slider_revolution.default\">\n\t\t\t\t<div class=\"elementor-widget-container\">\n\t\t\t\t\t\n\t\t<div class=\"wp-block-themepunch-revslider\">\n\t\t\t<!-- START 36sniper REVOLUTION SLIDER 6.5.9 --><p class=\"rs-p-wp-fix\"><\/p>\n\t\t\t<rs-module-wrap id=\"rev_slider_59_1_wrapper\" data-source=\"gallery\" style=\"visibility:hidden;background:#f5f5f5;padding:0;margin:0px auto;margin-top:0;margin-bottom:0;\">\n\t\t\t\t<rs-module id=\"rev_slider_59_1\" style=\"\" data-version=\"6.5.9\">\n\t\t\t\t\t<rs-slides>\n\t\t\t\t\t\t<rs-slide style=\"position: absolute;\" data-key=\"rs-201\" data-title=\"1\" data-in=\"o:0;\" data-out=\"a:false;\">\n\t\t\t\t\t\t\t<img fetchpriority=\"high\" decoding=\"async\" src=\"\/\/krosgen.com\/wp-content\/plugins\/revslider\/public\/assets\/assets\/dummy.png\" title=\"DQ24consumablereagentoil\" width=\"3555\" height=\"2000\" class=\"rev-slidebg tp-rs-img rs-lazyload\" data-lazyload=\"\/\/krosgen.com\/wp-content\/uploads\/2025\/03\/DQ24consumablereagentoil.jpg\" data-panzoom=\"d:10000;ss:100%;se:110%;oe:0px\/50px;\" data-no-retina>\n<!--\n\t\t\t\t\t\t\t--><rs-layer\n\t\t\t\t\t\t\t\tid=\"slider-59-slide-201-layer-1\" \n\t\t\t\t\t\t\t\tdata-type=\"text\"\n\t\t\t\t\t\t\t\tdata-color=\"#ff3a2d\"\n\t\t\t\t\t\t\t\tdata-xy=\"xo:0,-4px,0,0;y:m;yo:214px,-97px,-95px,70px;\"\n\t\t\t\t\t\t\t\tdata-text=\"w:normal;s:35,35,35,30;l:30,30,30,40;ls:1px;fw:400,400,400,500;\"\n\t\t\t\t\t\t\t\tdata-dim=\"w:auto,auto,569px,275px;\"\n\t\t\t\t\t\t\t\tdata-rsp_o=\"off\"\n\t\t\t\t\t\t\t\tdata-rsp_bd=\"off\"\n\t\t\t\t\t\t\t\tdata-frame_0=\"x:34px;\"\n\t\t\t\t\t\t\t\tdata-frame_1=\"sp:700;\"\n\t\t\t\t\t\t\t\tdata-frame_999=\"o:0;st:w;\"\n\t\t\t\t\t\t\t\tstyle=\"z-index:8;font-family:'Raleway';\"\n\t\t\t\t\t\t\t>Sniper Medical Technology Co., Ltd. \n\t\t\t\t\t\t\t<\/rs-layer><!--\n-->\t\t\t\t\t\t<\/rs-slide>\n\t\t\t\t\t<\/rs-slides>\n\t\t\t\t<\/rs-module>\n\t\t\t\t<script type=\"text\/javascript\">\n\t\t\t\t\tsetREVStartSize({c: 'rev_slider_59_1',rl:[1240,1024,778,480],el:[700,540,800,570],gw:[1400,1100,660,300],gh:[700,540,800,570],type:'standard',justify:'',layout:'fullwidth',mh:\"0\"});if (window.RS_MODULES!==undefined && window.RS_MODULES.modules!==undefined && window.RS_MODULES.modules[\"revslider591\"]!==undefined) {window.RS_MODULES.modules[\"revslider591\"].once = false;window.revapi59 = undefined;if (window.RS_MODULES.checkMinimal!==undefined) window.RS_MODULES.checkMinimal()}\n\t\t\t\t<\/script>\n\t\t\t<\/rs-module-wrap>\n\t\t\t<!-- END REVOLUTION SLIDER -->\n<\/div>\n\n\t\t\t\t\t\t<\/div>\n\t\t\t\t<\/div>\n\t\t\t\t\t<\/div>\n\t\t<\/div>\n\t\t\t\t\t<\/div>\n\t\t<\/section>\n\t\t\t\t<section class=\"elementor-section elementor-top-section elementor-element elementor-element-6caf8aa elementor-section-boxed elementor-section-height-default elementor-section-height-default qodef-elementor-content-no\" data-id=\"6caf8aa\" data-element_type=\"section\" data-e-type=\"section\">\n\t\t\t\t\t\t<div class=\"elementor-container elementor-column-gap-default\">\n\t\t\t\t\t<div class=\"elementor-column elementor-col-100 elementor-top-column elementor-element elementor-element-1f204aa\" data-id=\"1f204aa\" data-element_type=\"column\" data-e-type=\"column\">\n\t\t\t<div class=\"elementor-widget-wrap elementor-element-populated\">\n\t\t\t\t\t\t<div class=\"elementor-element elementor-element-ca62596 elementor-widget elementor-widget-text-editor\" data-id=\"ca62596\" data-element_type=\"widget\" data-e-type=\"widget\" data-widget_type=\"text-editor.default\">\n\t\t\t\t<div class=\"elementor-widget-container\">\n\t\t\t\t\t\t\t\t\t<p><strong>Sniper DQ24 &#8211; Yeni Nesil Otomatik Dijital PCR Platformu\u00a0<\/strong><\/p><p>\u2022\u00a0\u00a0\u00a0 Kurulumu ve bak\u0131m\u0131 kolay, kalibrasyon gerektirmeyen, her bile\u015fenin bir arada topland\u0131\u011f\u0131 bir sistemdir.\u00a0<br \/>\u2022\u00a0\u00a0\u00a0 Patentli VibroJect\u2122<strong> droplet-generation sistemi sayesinde basit ve efektif damlac\u0131k olu\u015fumuna olanak sunar.<br \/>\u2022\u00a0\u00a0\u00a0 PCR basama\u011f\u0131nda esnek master mix kullan\u0131m\u0131na izin veren a\u00e7\u0131k bir sistemdir. Bu sayede, Real-Time PCR optimizasyonlar\u0131n\u0131z\u0131 kolayl\u0131kla droplet PCR teknolojisine adapte edebilme f\u0131rsat\u0131 ile sizlere validasyon kolayl\u0131\u011f\u0131 sa\u011flar.<br \/>\u2022\u00a0\u00a0\u00a0 Droplet PCR kullan\u0131m\u0131 i\u00e7in tasarlanan kullan\u0131c\u0131 dostu otomasyonu ile kullan\u0131m\u0131 \u00e7ok basittir ve herkese uygun bir droplet PCR deneyimi sunar.<br \/>\u2022\u00a0\u00a0\u00a0 Ayr\u0131ca, cihaz FDA\/CE IVD sertifikal\u0131d\u0131r, veri b\u00fct\u00fcnl\u00fc\u011f\u00fc i\u00e7in de FDA CFR 21 B\u00f6l\u00fcm 11 ile uyumludur.<\/strong><\/p><p>Sniper DQ24 Yeni Nesil Dijital PCR Platformu ile ilgili daha ayr\u0131nt\u0131l\u0131 bilgi almak i\u00e7in bizimle ileti\u015fime ge\u00e7ebilir ve sistemi Ar&amp;Ge Laboratuvar\u0131m\u0131zda deneyimlemek i\u00e7in randevu olu\u015fturabilirsiniz.<\/p>\t\t\t\t\t\t\t\t<\/div>\n\t\t\t\t<\/div>\n\t\t\t\t<div class=\"elementor-element elementor-element-2281564 qodef-standard-images-on-top--no elementor-widget elementor-widget-qi_addons_for_elementor_interactive_link_showcase\" data-id=\"2281564\" data-element_type=\"widget\" data-e-type=\"widget\" data-widget_type=\"qi_addons_for_elementor_interactive_link_showcase.default\">\n\t\t\t\t<div class=\"elementor-widget-container\">\n\t\t\t\t\t<div class=\"qodef-shortcode qodef-m qodef-qi-interactive-link-showcase qodef-layout--standard qodef-hover--underline\">\n\t<div class=\"qodef-m-items\">\n\t\t<a itemprop=\"url\" class=\"qodef-m-item qodef-e\" href=\"https:\/\/www.sniper-tech.com\/\" target=\"_blank\">\n\t<span class=\"qodef-e-title\"><span class=\"qodef-e-inner-title\">Sniper Medical Technology Co., Ltd. \u00fcr\u00fcnlerini incelemek i\u00e7in t\u0131klay\u0131n<\/span><\/span>\n\t<\/a>\n\t<\/div>\n\t<div class=\"qodef-m-images\">\n\t\t<div class=\"qodef-e-image qodef-position--left elementor-repeater-item-58cc3d4\">\n\t<img decoding=\"async\" width=\"1349\" height=\"1313\" src=\"https:\/\/krosgen.com\/wp-content\/uploads\/2025\/03\/DQ24-resize.png\" class=\"attachment-full size-full\" alt=\"\" \/><\/div>\n\t<\/div>\n<\/div>\n\t\t\t\t<\/div>\n\t\t\t\t<\/div>\n\t\t\t\t\t<\/div>\n\t\t<\/div>\n\t\t\t\t\t<\/div>\n\t\t<\/section>\n\t\t\t\t<\/div>\n\t\t","protected":false},"excerpt":{"rendered":"<p>Sniper DQ24 &#8211; Yeni Nesil Otomatik Dijital PCR Platformu\u00a0 \u2022\u00a0\u00a0\u00a0 Kurulumu ve bak\u0131m\u0131 kolay, kalibrasyon gerektirmeyen, her bile\u015fenin bir arada topland\u0131\u011f\u0131 bir sistemdir.\u00a0\u2022\u00a0\u00a0\u00a0 Patentli VibroJect\u2122 droplet-generation sistemi sayesinde basit ve efektif damlac\u0131k olu\u015fumuna olanak sunar.\u2022\u00a0\u00a0\u00a0 PCR basama\u011f\u0131nda esnek master mix kullan\u0131m\u0131na izin veren a\u00e7\u0131k bir sistemdir. Bu sayede, Real-Time PCR optimizasyonlar\u0131n\u0131z\u0131 kolayl\u0131kla droplet PCR teknolojisine [&hellip;]<\/p>\n","protected":false},"author":1,"featured_media":0,"parent":0,"menu_order":0,"comment_status":"closed","ping_status":"closed","template":"","meta":{"footnotes":""},"class_list":["post-18614","page","type-page","status-publish","hentry"],"yoast_head":"<!-- This site is optimized with the Yoast SEO plugin v27.2 - https:\/\/yoast.com\/product\/yoast-seo-wordpress\/ -->\n<title>Sniper Medical Technology Co., Ltd. - Krosgen<\/title>\n<meta name=\"robots\" content=\"index, follow, max-snippet:-1, max-image-preview:large, max-video-preview:-1\" \/>\n<link rel=\"canonical\" href=\"https:\/\/krosgen.com\/index.php\/sniper-medical-technology-co-ltd\/\" \/>\n<meta property=\"og:locale\" content=\"tr_TR\" \/>\n<meta property=\"og:type\" content=\"article\" \/>\n<meta property=\"og:title\" content=\"Sniper Medical Technology Co., Ltd. - Krosgen\" \/>\n<meta property=\"og:description\" content=\"Sniper DQ24 &#8211; Yeni Nesil Otomatik Dijital PCR Platformu\u00a0 \u2022\u00a0\u00a0\u00a0 Kurulumu ve bak\u0131m\u0131 kolay, kalibrasyon gerektirmeyen, her bile\u015fenin bir arada topland\u0131\u011f\u0131 bir sistemdir.\u00a0\u2022\u00a0\u00a0\u00a0 Patentli VibroJect\u2122 droplet-generation sistemi sayesinde basit ve efektif damlac\u0131k olu\u015fumuna olanak sunar.\u2022\u00a0\u00a0\u00a0 PCR basama\u011f\u0131nda esnek master mix kullan\u0131m\u0131na izin veren a\u00e7\u0131k bir sistemdir. Bu sayede, Real-Time PCR optimizasyonlar\u0131n\u0131z\u0131 kolayl\u0131kla droplet PCR teknolojisine [&hellip;]\" \/>\n<meta property=\"og:url\" content=\"https:\/\/krosgen.com\/index.php\/sniper-medical-technology-co-ltd\/\" \/>\n<meta property=\"og:site_name\" content=\"Krosgen\" \/>\n<meta property=\"article:modified_time\" content=\"2026-01-09T17:38:11+00:00\" \/>\n<meta property=\"og:image\" content=\"https:\/\/krosgen.com\/wp-content\/uploads\/2025\/03\/DQ24-resize.png\" \/>\n<meta name=\"twitter:card\" content=\"summary_large_image\" \/>\n<meta name=\"twitter:label1\" content=\"Tahmini okuma s\u00fcresi\" \/>\n\t<meta name=\"twitter:data1\" content=\"1 dakika\" \/>\n<script type=\"application\/ld+json\" class=\"yoast-schema-graph\">{\"@context\":\"https:\/\/schema.org\",\"@graph\":[{\"@type\":\"WebPage\",\"@id\":\"https:\/\/krosgen.com\/index.php\/sniper-medical-technology-co-ltd\/\",\"url\":\"https:\/\/krosgen.com\/index.php\/sniper-medical-technology-co-ltd\/\",\"name\":\"Sniper Medical Technology Co., Ltd. - Krosgen\",\"isPartOf\":{\"@id\":\"https:\/\/krosgen.com\/#website\"},\"primaryImageOfPage\":{\"@id\":\"https:\/\/krosgen.com\/index.php\/sniper-medical-technology-co-ltd\/#primaryimage\"},\"image\":{\"@id\":\"https:\/\/krosgen.com\/index.php\/sniper-medical-technology-co-ltd\/#primaryimage\"},\"thumbnailUrl\":\"https:\/\/krosgen.com\/wp-content\/uploads\/2025\/03\/DQ24-resize.png\",\"datePublished\":\"2025-03-03T19:58:08+00:00\",\"dateModified\":\"2026-01-09T17:38:11+00:00\",\"breadcrumb\":{\"@id\":\"https:\/\/krosgen.com\/index.php\/sniper-medical-technology-co-ltd\/#breadcrumb\"},\"inLanguage\":\"tr\",\"potentialAction\":[{\"@type\":\"ReadAction\",\"target\":[\"https:\/\/krosgen.com\/index.php\/sniper-medical-technology-co-ltd\/\"]}]},{\"@type\":\"ImageObject\",\"inLanguage\":\"tr\",\"@id\":\"https:\/\/krosgen.com\/index.php\/sniper-medical-technology-co-ltd\/#primaryimage\",\"url\":\"https:\/\/krosgen.com\/wp-content\/uploads\/2025\/03\/DQ24-resize.png\",\"contentUrl\":\"https:\/\/krosgen.com\/wp-content\/uploads\/2025\/03\/DQ24-resize.png\",\"width\":1349,\"height\":1313},{\"@type\":\"BreadcrumbList\",\"@id\":\"https:\/\/krosgen.com\/index.php\/sniper-medical-technology-co-ltd\/#breadcrumb\",\"itemListElement\":[{\"@type\":\"ListItem\",\"position\":1,\"name\":\"Home\",\"item\":\"https:\/\/krosgen.com\/\"},{\"@type\":\"ListItem\",\"position\":2,\"name\":\"Sniper Medical Technology Co., Ltd.\"}]},{\"@type\":\"WebSite\",\"@id\":\"https:\/\/krosgen.com\/#website\",\"url\":\"https:\/\/krosgen.com\/\",\"name\":\"Krosgen\",\"description\":\"Krosgen Biotechnology\",\"publisher\":{\"@id\":\"https:\/\/krosgen.com\/#organization\"},\"potentialAction\":[{\"@type\":\"SearchAction\",\"target\":{\"@type\":\"EntryPoint\",\"urlTemplate\":\"https:\/\/krosgen.com\/?s={search_term_string}\"},\"query-input\":{\"@type\":\"PropertyValueSpecification\",\"valueRequired\":true,\"valueName\":\"search_term_string\"}}],\"inLanguage\":\"tr\"},{\"@type\":\"Organization\",\"@id\":\"https:\/\/krosgen.com\/#organization\",\"name\":\"Krosgen Biotechnology\",\"url\":\"https:\/\/krosgen.com\/\",\"logo\":{\"@type\":\"ImageObject\",\"inLanguage\":\"tr\",\"@id\":\"https:\/\/krosgen.com\/#\/schema\/logo\/image\/\",\"url\":\"https:\/\/krosgen.com\/wp-content\/uploads\/2022\/05\/KROSGEN-LOGO_001.png\",\"contentUrl\":\"https:\/\/krosgen.com\/wp-content\/uploads\/2022\/05\/KROSGEN-LOGO_001.png\",\"width\":7016,\"height\":1700,\"caption\":\"Krosgen Biotechnology\"},\"image\":{\"@id\":\"https:\/\/krosgen.com\/#\/schema\/logo\/image\/\"},\"sameAs\":[\"https:\/\/www.linkedin.com\/company\/krosgen\"]}]}<\/script>\n<!-- \/ Yoast SEO plugin. -->","yoast_head_json":{"title":"Sniper Medical Technology Co., Ltd. - Krosgen","robots":{"index":"index","follow":"follow","max-snippet":"max-snippet:-1","max-image-preview":"max-image-preview:large","max-video-preview":"max-video-preview:-1"},"canonical":"https:\/\/krosgen.com\/index.php\/sniper-medical-technology-co-ltd\/","og_locale":"tr_TR","og_type":"article","og_title":"Sniper Medical Technology Co., Ltd. - Krosgen","og_description":"Sniper DQ24 &#8211; Yeni Nesil Otomatik Dijital PCR Platformu\u00a0 \u2022\u00a0\u00a0\u00a0 Kurulumu ve bak\u0131m\u0131 kolay, kalibrasyon gerektirmeyen, her bile\u015fenin bir arada topland\u0131\u011f\u0131 bir sistemdir.\u00a0\u2022\u00a0\u00a0\u00a0 Patentli VibroJect\u2122 droplet-generation sistemi sayesinde basit ve efektif damlac\u0131k olu\u015fumuna olanak sunar.\u2022\u00a0\u00a0\u00a0 PCR basama\u011f\u0131nda esnek master mix kullan\u0131m\u0131na izin veren a\u00e7\u0131k bir sistemdir. Bu sayede, Real-Time PCR optimizasyonlar\u0131n\u0131z\u0131 kolayl\u0131kla droplet PCR teknolojisine [&hellip;]","og_url":"https:\/\/krosgen.com\/index.php\/sniper-medical-technology-co-ltd\/","og_site_name":"Krosgen","article_modified_time":"2026-01-09T17:38:11+00:00","og_image":[{"url":"https:\/\/krosgen.com\/wp-content\/uploads\/2025\/03\/DQ24-resize.png","type":"","width":"","height":""}],"twitter_card":"summary_large_image","twitter_misc":{"Tahmini okuma s\u00fcresi":"1 dakika"},"schema":{"@context":"https:\/\/schema.org","@graph":[{"@type":"WebPage","@id":"https:\/\/krosgen.com\/index.php\/sniper-medical-technology-co-ltd\/","url":"https:\/\/krosgen.com\/index.php\/sniper-medical-technology-co-ltd\/","name":"Sniper Medical Technology Co., Ltd. - Krosgen","isPartOf":{"@id":"https:\/\/krosgen.com\/#website"},"primaryImageOfPage":{"@id":"https:\/\/krosgen.com\/index.php\/sniper-medical-technology-co-ltd\/#primaryimage"},"image":{"@id":"https:\/\/krosgen.com\/index.php\/sniper-medical-technology-co-ltd\/#primaryimage"},"thumbnailUrl":"https:\/\/krosgen.com\/wp-content\/uploads\/2025\/03\/DQ24-resize.png","datePublished":"2025-03-03T19:58:08+00:00","dateModified":"2026-01-09T17:38:11+00:00","breadcrumb":{"@id":"https:\/\/krosgen.com\/index.php\/sniper-medical-technology-co-ltd\/#breadcrumb"},"inLanguage":"tr","potentialAction":[{"@type":"ReadAction","target":["https:\/\/krosgen.com\/index.php\/sniper-medical-technology-co-ltd\/"]}]},{"@type":"ImageObject","inLanguage":"tr","@id":"https:\/\/krosgen.com\/index.php\/sniper-medical-technology-co-ltd\/#primaryimage","url":"https:\/\/krosgen.com\/wp-content\/uploads\/2025\/03\/DQ24-resize.png","contentUrl":"https:\/\/krosgen.com\/wp-content\/uploads\/2025\/03\/DQ24-resize.png","width":1349,"height":1313},{"@type":"BreadcrumbList","@id":"https:\/\/krosgen.com\/index.php\/sniper-medical-technology-co-ltd\/#breadcrumb","itemListElement":[{"@type":"ListItem","position":1,"name":"Home","item":"https:\/\/krosgen.com\/"},{"@type":"ListItem","position":2,"name":"Sniper Medical Technology Co., Ltd."}]},{"@type":"WebSite","@id":"https:\/\/krosgen.com\/#website","url":"https:\/\/krosgen.com\/","name":"Krosgen","description":"Krosgen Biotechnology","publisher":{"@id":"https:\/\/krosgen.com\/#organization"},"potentialAction":[{"@type":"SearchAction","target":{"@type":"EntryPoint","urlTemplate":"https:\/\/krosgen.com\/?s={search_term_string}"},"query-input":{"@type":"PropertyValueSpecification","valueRequired":true,"valueName":"search_term_string"}}],"inLanguage":"tr"},{"@type":"Organization","@id":"https:\/\/krosgen.com\/#organization","name":"Krosgen Biotechnology","url":"https:\/\/krosgen.com\/","logo":{"@type":"ImageObject","inLanguage":"tr","@id":"https:\/\/krosgen.com\/#\/schema\/logo\/image\/","url":"https:\/\/krosgen.com\/wp-content\/uploads\/2022\/05\/KROSGEN-LOGO_001.png","contentUrl":"https:\/\/krosgen.com\/wp-content\/uploads\/2022\/05\/KROSGEN-LOGO_001.png","width":7016,"height":1700,"caption":"Krosgen Biotechnology"},"image":{"@id":"https:\/\/krosgen.com\/#\/schema\/logo\/image\/"},"sameAs":["https:\/\/www.linkedin.com\/company\/krosgen"]}]}},"jetpack_sharing_enabled":true,"_links":{"self":[{"href":"https:\/\/krosgen.com\/index.php\/wp-json\/wp\/v2\/pages\/18614","targetHints":{"allow":["GET"]}}],"collection":[{"href":"https:\/\/krosgen.com\/index.php\/wp-json\/wp\/v2\/pages"}],"about":[{"href":"https:\/\/krosgen.com\/index.php\/wp-json\/wp\/v2\/types\/page"}],"author":[{"embeddable":true,"href":"https:\/\/krosgen.com\/index.php\/wp-json\/wp\/v2\/users\/1"}],"replies":[{"embeddable":true,"href":"https:\/\/krosgen.com\/index.php\/wp-json\/wp\/v2\/comments?post=18614"}],"version-history":[{"count":13,"href":"https:\/\/krosgen.com\/index.php\/wp-json\/wp\/v2\/pages\/18614\/revisions"}],"predecessor-version":[{"id":18716,"href":"https:\/\/krosgen.com\/index.php\/wp-json\/wp\/v2\/pages\/18614\/revisions\/18716"}],"wp:attachment":[{"href":"https:\/\/krosgen.com\/index.php\/wp-json\/wp\/v2\/media?parent=18614"}],"curies":[{"name":"wp","href":"https:\/\/api.w.org\/{rel}","templated":true}]}}